{"id":266,"date":"2023-07-23T08:58:04","date_gmt":"2023-07-23T08:58:04","guid":{"rendered":"https:\/\/elegant-mirzakhani.88-151-65-91.plesk.page\/?page_id=266"},"modified":"2023-08-10T16:03:32","modified_gmt":"2023-08-10T16:03:32","slug":"presse","status":"publish","type":"page","link":"https:\/\/elegant-mirzakhani.88-151-65-91.plesk.page\/?page_id=266","title":{"rendered":"Presse"},"content":{"rendered":"\n<style type=\"text\/css\" data-created_by=\"avia_inline_auto\" id=\"style-css-av-lkfa1zow-2bef71a84f44dc5376bf19a447518c87\">\n.avia-section.av-lkfa1zow-2bef71a84f44dc5376bf19a447518c87{\nbackground-color:#72a81a;\nbackground-image:unset;\n}\n<\/style>\n<div id='av_section_1'  class='avia-section av-lkfa1zow-2bef71a84f44dc5376bf19a447518c87 main_color avia-section-default avia-no-border-styling  avia-builder-el-0  el_before_av_image  avia-builder-el-first  avia-bg-style-scroll container_wrap sidebar_right'  ><div class='container av-section-cont-open' ><main  role=\"main\" itemprop=\"mainContentOfPage\"  class='template-page content  av-content-small alpha units'><div class='post-entry post-entry-type-page post-entry-266'><div class='entry-content-wrapper clearfix'>\n\n<style type=\"text\/css\" data-created_by=\"avia_inline_auto\" id=\"style-css-av-lkfa4ht4-a4c240b7e7309bc5adf718e1a6acb6aa\">\n#top .av-special-heading.av-lkfa4ht4-a4c240b7e7309bc5adf718e1a6acb6aa{\npadding-bottom:10px;\ncolor:#000000;\n}\nbody .av-special-heading.av-lkfa4ht4-a4c240b7e7309bc5adf718e1a6acb6aa .av-special-heading-tag .heading-char{\nfont-size:25px;\n}\n.av-special-heading.av-lkfa4ht4-a4c240b7e7309bc5adf718e1a6acb6aa .special-heading-inner-border{\nborder-color:#000000;\n}\n.av-special-heading.av-lkfa4ht4-a4c240b7e7309bc5adf718e1a6acb6aa .av-subheading{\nfont-size:15px;\n}\n<\/style>\n<div  class='av-special-heading av-lkfa4ht4-a4c240b7e7309bc5adf718e1a6acb6aa av-special-heading-h2 custom-color-heading blockquote modern-quote modern-centered  avia-builder-el-1  avia-builder-el-no-sibling '><h2 class='av-special-heading-tag'  itemprop=\"headline\"  >Medienecho <\/h2><div class=\"special-heading-border\"><div class=\"special-heading-inner-border\"><\/div><\/div><\/div>\n<\/div><\/div><\/main><!-- close content main element --><\/div><\/div><div id='after_section_1'  class='main_color av_default_container_wrap container_wrap sidebar_right'  ><div class='container av-section-cont-open' ><div class='template-page content  av-content-small alpha units'><div class='post-entry post-entry-type-page post-entry-266'><div class='entry-content-wrapper clearfix'>\n\n<style type=\"text\/css\" data-created_by=\"avia_inline_auto\" id=\"style-css-av-lkjsj9vx-ef33f5d9305c9e4efde99e09f6d16aeb\">\n.avia-image-container.av-lkjsj9vx-ef33f5d9305c9e4efde99e09f6d16aeb img.avia_image{\nbox-shadow:none;\n}\n.avia-image-container.av-lkjsj9vx-ef33f5d9305c9e4efde99e09f6d16aeb .av-image-caption-overlay-center{\ncolor:#ffffff;\n}\n<\/style>\n<div  class='avia-image-container av-lkjsj9vx-ef33f5d9305c9e4efde99e09f6d16aeb av-styling- avia-align-center  avia-builder-el-2  el_after_av_section  el_before_av_hr  avia-builder-el-first '   itemprop=\"image\" itemscope=\"itemscope\" itemtype=\"https:\/\/schema.org\/ImageObject\" ><div class=\"avia-image-container-inner\"><div class=\"avia-image-overlay-wrap\"><img decoding=\"async\" class='wp-image-454 avia-img-lazy-loading-not-454 avia_image ' src=\"https:\/\/elegant-mirzakhani.88-151-65-91.plesk.page\/wp-content\/uploads\/2023\/07\/newspapers-444449_1920-845x321.jpg\" alt='' title='newspapers-444449_1920'  height=\"321\" width=\"845\"  itemprop=\"thumbnailUrl\"  \/><\/div><\/div><\/div>\n<div  class='hr av-av_hr-91d7ccd583a503147498e120fee2ff9b hr-default  avia-builder-el-3  el_after_av_image  el_before_av_one_fifth '><span class='hr-inner '><span class=\"hr-inner-style\"><\/span><\/span><\/div>\n<div  class='flex_column av-yswde-2d81a960633035805b1c29a020b31b01 av_one_fifth  avia-builder-el-4  el_after_av_hr  el_before_av_four_fifth  first flex_column_div  '     ><style type=\"text\/css\" data-created_by=\"avia_inline_auto\" id=\"style-css-av-ll5chq8a-e6e76821cb436bb189b7437e1943e5ae\">\n.avia-image-container.av-ll5chq8a-e6e76821cb436bb189b7437e1943e5ae img.avia_image{\nbox-shadow:none;\n}\n.avia-image-container.av-ll5chq8a-e6e76821cb436bb189b7437e1943e5ae .av-image-caption-overlay-center{\ncolor:#ffffff;\n}\n<\/style>\n<div  class='avia-image-container av-ll5chq8a-e6e76821cb436bb189b7437e1943e5ae av-styling- avia-align-center  avia-builder-el-5  avia-builder-el-no-sibling '   itemprop=\"image\" itemscope=\"itemscope\" itemtype=\"https:\/\/schema.org\/ImageObject\" ><div class=\"avia-image-container-inner\"><div class=\"avia-image-overlay-wrap\"><img decoding=\"async\" class='wp-image-541 avia-img-lazy-loading-not-541 avia_image ' src=\"https:\/\/elegant-mirzakhani.88-151-65-91.plesk.page\/wp-content\/uploads\/2023\/08\/Taspo.png\" alt='' title='Taspo'  height=\"156\" width=\"280\"  itemprop=\"thumbnailUrl\"  \/><\/div><\/div><\/div><\/div>\n<div  class='flex_column av-70ihe-8d2c576024a9d1c4b0b99ae300d52e26 av_four_fifth  avia-builder-el-6  el_after_av_one_fifth  el_before_av_hr  flex_column_div  '     ><style type=\"text\/css\" data-created_by=\"avia_inline_auto\" id=\"style-css-av-lki0to5b-9d1307b5e4494834a55b8ac2d65271f2\">\n#top .av_textblock_section.av-lki0to5b-9d1307b5e4494834a55b8ac2d65271f2 .avia_textblock{\ncolor:#000000;\n}\n<\/style>\n<section  class='av_textblock_section av-lki0to5b-9d1307b5e4494834a55b8ac2d65271f2 '   itemscope=\"itemscope\" itemtype=\"https:\/\/schema.org\/CreativeWork\" ><div class='avia_textblock av_inherit_color'  itemprop=\"text\" ><h6>Urban Farming: W\u00e4chst Oberhausen \u00fcber sich hinaus?<\/h6>\n<p class=\"summary\">\u201eSalat w\u00e4chst nicht im Aldi\u201c, wei\u00df Wolfgang Gr\u00fcne. Der G\u00e4rtner betreut unter anderem das Dachgew\u00e4chshaus \u201eAltmarktgarten\u201c in Oberhausen. Dar\u00fcber hinaus sch\u00fcttelt er im Gespr\u00e4ch mit der TASPO noch viele weitere spannende Projekte, Ideen und Herzblut aus dem \u00c4rmel.<\/p>\n<p><a href=\"https:\/\/taspo.de\/article\/1832652\/urban-farming-wachst-oberhausen-uber-sich-hinaus\">https:\/\/taspo.de\/article\/1832652\/urban-farming-wachst-oberhausen-uber-sich-hinaus<\/a><\/p>\n<\/div><\/section><\/div>\n<div  class='hr av-qeu56-33d6a1e46265bf999a7567a8585e70b1 hr-default  avia-builder-el-8  el_after_av_four_fifth  el_before_av_one_fifth '><span class='hr-inner '><span class=\"hr-inner-style\"><\/span><\/span><\/div>\n<div  class='flex_column av-ittfu-34b2770664196cce65311b5a58c80276 av_one_fifth  avia-builder-el-9  el_after_av_hr  el_before_av_four_fifth  first flex_column_div  '     ><p>\n<style type=\"text\/css\" data-created_by=\"avia_inline_auto\" id=\"style-css-av-ll5cjgnu-21514f13611b1dbd0123397dd7fbb33e\">\n.avia-image-container.av-ll5cjgnu-21514f13611b1dbd0123397dd7fbb33e img.avia_image{\nbox-shadow:none;\n}\n.avia-image-container.av-ll5cjgnu-21514f13611b1dbd0123397dd7fbb33e .av-image-caption-overlay-center{\ncolor:#ffffff;\n}\n<\/style>\n<div  class='avia-image-container av-ll5cjgnu-21514f13611b1dbd0123397dd7fbb33e av-styling- avia-align-center  avia-builder-el-10  el_before_av_textblock  avia-builder-el-first '   itemprop=\"image\" itemscope=\"itemscope\" itemtype=\"https:\/\/schema.org\/ImageObject\" ><div class=\"avia-image-container-inner\"><div class=\"avia-image-overlay-wrap\"><img decoding=\"async\" class='wp-image-437 avia-img-lazy-loading-not-437 avia_image ' src=\"https:\/\/elegant-mirzakhani.88-151-65-91.plesk.page\/wp-content\/uploads\/2023\/07\/WA.jpg\" alt='' title='WA'  height=\"67\" width=\"210\"  itemprop=\"thumbnailUrl\"  \/><\/div><\/div><\/div><br \/>\n<section  class='av_textblock_section av-ll5citxd-a1f572fb294a8c15ad5a08721bdcbc92 '   itemscope=\"itemscope\" itemtype=\"https:\/\/schema.org\/CreativeWork\" ><div class='avia_textblock'  itemprop=\"text\" ><\/div><\/section><\/p><\/div>\n<div  class='flex_column av-f178a-84a8bbf591e29d5c7c1475b9f223a6df av_four_fifth  avia-builder-el-12  el_after_av_one_fifth  el_before_av_hr  flex_column_div  '     ><section  class='av_textblock_section av-96ko2-e643c3604f707ccc49bdadaf85e7991e '   itemscope=\"itemscope\" itemtype=\"https:\/\/schema.org\/CreativeWork\" ><div class='avia_textblock'  itemprop=\"text\" ><h6 class=\"id-StoryElement-headline\">Warum es auf diesem Haus ein gro\u00dfes Gew\u00e4chshaus gibt<\/h6>\n<p>Auf Dach des Altmarktgartens in Oberhausen gibt es ein Gew\u00e4chshaus. Das Projekt soll wichtige Anbaum\u00f6glichkeiten f\u00fcr die Zukunft untersuchen.<\/p>\n<p><a href=\"https:\/\/www.wa.de\/nordrhein-westfalen\/gewaechshaus-oberhausen-innenstadt-gebaeude-erdbeeren-salate-kraeuter-garten-nrw-nachhaltigkeit-92372255.html\">www.wa.de\/nordrhein-westfalen\/gewaechshaus-oberhausen-innenstadt-gebaeude-erdbeeren-salate-kraeuter-garten-nrw-nachhaltigkeit-92372255.html<\/a><\/p>\n<\/div><\/section><\/div>\n<div  class='hr av-b13qa-db8eddd9b58630ea702d2aa2edfb46f1 hr-default  avia-builder-el-14  el_after_av_four_fifth  el_before_av_one_fifth '><span class='hr-inner '><span class=\"hr-inner-style\"><\/span><\/span><\/div>\n<div  class='flex_column av-1itii2-79a15b251984bbeed4a962dc169919bf av_one_fifth  avia-builder-el-15  el_after_av_hr  el_before_av_four_fifth  first flex_column_div  '     ><style type=\"text\/css\" data-created_by=\"avia_inline_auto\" id=\"style-css-av-lkfabnbc-ad6121c473002792c0fc2f6ac85121d6\">\n.avia-image-container.av-lkfabnbc-ad6121c473002792c0fc2f6ac85121d6 img.avia_image{\nbox-shadow:none;\n}\n.avia-image-container.av-lkfabnbc-ad6121c473002792c0fc2f6ac85121d6 .av-image-caption-overlay-center{\ncolor:#ffffff;\n}\n<\/style>\n<div  class='avia-image-container av-lkfabnbc-ad6121c473002792c0fc2f6ac85121d6 av-styling- avia-align-center  avia-builder-el-16  avia-builder-el-no-sibling '   itemprop=\"image\" itemscope=\"itemscope\" itemtype=\"https:\/\/schema.org\/ImageObject\" ><div class=\"avia-image-container-inner\"><div class=\"avia-image-overlay-wrap\"><img decoding=\"async\" class='wp-image-284 avia-img-lazy-loading-not-284 avia_image ' src=\"https:\/\/elegant-mirzakhani.88-151-65-91.plesk.page\/wp-content\/uploads\/2023\/07\/Fresh-Plaza.jpg\" alt='' title='Fresh Plaza'  height=\"300\" width=\"300\"  itemprop=\"thumbnailUrl\" srcset=\"https:\/\/elegant-mirzakhani.88-151-65-91.plesk.page\/wp-content\/uploads\/2023\/07\/Fresh-Plaza.jpg 300w, https:\/\/elegant-mirzakhani.88-151-65-91.plesk.page\/wp-content\/uploads\/2023\/07\/Fresh-Plaza-80x80.jpg 80w, https:\/\/elegant-mirzakhani.88-151-65-91.plesk.page\/wp-content\/uploads\/2023\/07\/Fresh-Plaza-36x36.jpg 36w, https:\/\/elegant-mirzakhani.88-151-65-91.plesk.page\/wp-content\/uploads\/2023\/07\/Fresh-Plaza-180x180.jpg 180w\" sizes=\"(max-width: 300px) 100vw, 300px\" \/><\/div><\/div><\/div><\/div>\n<div  class='flex_column av-1d2paa-a7bcc80398a62d08fc5c83371bae093e av_four_fifth  avia-builder-el-17  el_after_av_one_fifth  el_before_av_hr  flex_column_div  '     ><section  class='av_textblock_section av-lkfa7lne-e0d1965dd5c8d4cd1ebc95dc498bfc61 '   itemscope=\"itemscope\" itemtype=\"https:\/\/schema.org\/CreativeWork\" ><div class='avia_textblock'  itemprop=\"text\" ><p>Wolfgang Gr\u00fcne, Gesch\u00e4ftsf\u00fchrer Exner Gr\u00fcne Innovation<\/p>\n<h6>1.100 m2 gro\u00dfes Forschungs- und Produktionsgew\u00e4chshaus in 25 Metern H\u00f6he<\/h6>\n<div>\n<p>Auf dem Dach des Altmarktgartens in Oberhausen befindet sich ein 1.100 m2 gro\u00dfes Gew\u00e4chshaus, auf dem j\u00e4hrlich ca. 16.000 K\u00f6pfe Salat, 14.000 Kr\u00e4utert\u00f6pfe und 150 Kilo Erdbeeren produziert werden.<\/p>\n<p><strong><a href=\"http:\/\/www.freshplaza.de\/article\/9461575\/1-100-m2-grosses-forschungs-und-produktionsgewachshaus-in-25-metern-hohe\">www.freshplaza.de\/article\/9461575\/1-100-m2-grosses-forschungs-und-produktionsgewachshaus-in-25-metern-hohe<\/a><\/strong><\/p>\n<\/div>\n<\/div><\/section><\/div>\n<div  class='hr av-1a6sjm-1b7ff3bc5c760fb04cff60eb74644254 hr-default  avia-builder-el-19  el_after_av_four_fifth  el_before_av_one_fifth '><span class='hr-inner '><span class=\"hr-inner-style\"><\/span><\/span><\/div>\n<div  class='flex_column av-10wkwq-9d51bb3dbcd3a490c356f7119b239960 av_one_fifth  avia-builder-el-20  el_after_av_hr  el_before_av_four_fifth  first flex_column_div  '     ><style type=\"text\/css\" data-created_by=\"avia_inline_auto\" id=\"style-css-av-lkfaer47-a3a675bfbb7a73928020a98cb77f8612\">\n.avia-image-container.av-lkfaer47-a3a675bfbb7a73928020a98cb77f8612 img.avia_image{\nbox-shadow:none;\n}\n.avia-image-container.av-lkfaer47-a3a675bfbb7a73928020a98cb77f8612 .av-image-caption-overlay-center{\ncolor:#ffffff;\n}\n<\/style>\n<div  class='avia-image-container av-lkfaer47-a3a675bfbb7a73928020a98cb77f8612 av-styling- avia-align-center  avia-builder-el-21  avia-builder-el-no-sibling '   itemprop=\"image\" itemscope=\"itemscope\" itemtype=\"https:\/\/schema.org\/ImageObject\" ><div class=\"avia-image-container-inner\"><div class=\"avia-image-overlay-wrap\"><img decoding=\"async\" class='wp-image-286 avia-img-lazy-loading-not-286 avia_image ' src=\"https:\/\/elegant-mirzakhani.88-151-65-91.plesk.page\/wp-content\/uploads\/2023\/07\/business-on.de-Logo_237@2x-300x69.png\" alt='' title='business-on.de-Logo_237@2x'  height=\"69\" width=\"300\"  itemprop=\"thumbnailUrl\" srcset=\"https:\/\/elegant-mirzakhani.88-151-65-91.plesk.page\/wp-content\/uploads\/2023\/07\/business-on.de-Logo_237@2x-300x69.png 300w, https:\/\/elegant-mirzakhani.88-151-65-91.plesk.page\/wp-content\/uploads\/2023\/07\/business-on.de-Logo_237@2x.png 474w\" sizes=\"(max-width: 300px) 100vw, 300px\" \/><\/div><\/div><\/div><\/div>\n<div  class='flex_column av-v8ynu-6b80fb9aa803976c2342b2c7d88f0cf1 av_four_fifth  avia-builder-el-22  el_after_av_one_fifth  el_before_av_hr  flex_column_div  '     ><section  class='av_textblock_section av-lkfadwuq-24edf7bee8e6ccc13bc63d0f569ea78a '   itemscope=\"itemscope\" itemtype=\"https:\/\/schema.org\/CreativeWork\" ><div class='avia_textblock'  itemprop=\"text\" ><h6 class=\"zox-post-title left entry-title\">Urbane Landwirtschaft: Leuchtturm Altmarkgarten Oberhausen<\/h6>\n<p>Wie ern\u00e4hren wir k\u00fcnftig etwa zehn Milliarden Menschen? Die Anbaufl\u00e4chen f\u00fcr Lebensmittel sind begrenzt, der Klimawandel zwingt uns dazu, CO2 einzusparen und damit die Transportwege zu verringern. F\u00fcr die urbane Produktion sind neue Konzepte gefragt. Die L\u00f6sung: Dachgew\u00e4chsh\u00e4user.<\/p>\n<p><a href=\"http:\/\/www.business-on.de\/urbane-landwirtschaft-leuchtturm-altmarkgarten-oberhausen.html\">www.business-on.de\/urbane-landwirtschaft-leuchtturm-altmarkgarten-oberhausen.html<\/a><\/p>\n<\/div><\/section><\/div>\n<div  class='hr av-r6efe-f3a5f4e5cb4d1428071ad6bd1684284d hr-default  avia-builder-el-24  el_after_av_four_fifth  el_before_av_one_fifth '><span class='hr-inner '><span class=\"hr-inner-style\"><\/span><\/span><\/div>\n<div  class='flex_column av-kx7y2-81b86376fad7ea7a85b4c697e36660bd av_one_fifth  avia-builder-el-25  el_after_av_hr  el_before_av_four_fifth  first flex_column_div  '     ><style type=\"text\/css\" data-created_by=\"avia_inline_auto\" id=\"style-css-av-lkfalfxl-7ea23e71981254b6825c90deb05366d4\">\n.avia-image-container.av-lkfalfxl-7ea23e71981254b6825c90deb05366d4 img.avia_image{\nbox-shadow:none;\n}\n.avia-image-container.av-lkfalfxl-7ea23e71981254b6825c90deb05366d4 .av-image-caption-overlay-center{\ncolor:#ffffff;\n}\n<\/style>\n<div  class='avia-image-container av-lkfalfxl-7ea23e71981254b6825c90deb05366d4 av-styling- avia-align-center  avia-builder-el-26  avia-builder-el-no-sibling '   itemprop=\"image\" itemscope=\"itemscope\" itemtype=\"https:\/\/schema.org\/ImageObject\" ><div class=\"avia-image-container-inner\"><div class=\"avia-image-overlay-wrap\"><img decoding=\"async\" class='wp-image-287 avia-img-lazy-loading-not-287 avia_image ' src=\"https:\/\/elegant-mirzakhani.88-151-65-91.plesk.page\/wp-content\/uploads\/2023\/07\/2560px-Logo_die_Welt.svg_-300x57.png\" alt='' title='2560px-Logo_die_Welt.svg_'  height=\"57\" width=\"300\"  itemprop=\"thumbnailUrl\" srcset=\"https:\/\/elegant-mirzakhani.88-151-65-91.plesk.page\/wp-content\/uploads\/2023\/07\/2560px-Logo_die_Welt.svg_-300x57.png 300w, https:\/\/elegant-mirzakhani.88-151-65-91.plesk.page\/wp-content\/uploads\/2023\/07\/2560px-Logo_die_Welt.svg_-1030x196.png 1030w, https:\/\/elegant-mirzakhani.88-151-65-91.plesk.page\/wp-content\/uploads\/2023\/07\/2560px-Logo_die_Welt.svg_-768x146.png 768w, https:\/\/elegant-mirzakhani.88-151-65-91.plesk.page\/wp-content\/uploads\/2023\/07\/2560px-Logo_die_Welt.svg_-1536x293.png 1536w, https:\/\/elegant-mirzakhani.88-151-65-91.plesk.page\/wp-content\/uploads\/2023\/07\/2560px-Logo_die_Welt.svg_-2048x390.png 2048w, https:\/\/elegant-mirzakhani.88-151-65-91.plesk.page\/wp-content\/uploads\/2023\/07\/2560px-Logo_die_Welt.svg_-1500x286.png 1500w, https:\/\/elegant-mirzakhani.88-151-65-91.plesk.page\/wp-content\/uploads\/2023\/07\/2560px-Logo_die_Welt.svg_-705x134.png 705w\" sizes=\"(max-width: 300px) 100vw, 300px\" \/><\/div><\/div><\/div><\/div>\n<div  class='flex_column av-ebqka-2b133fd9370d3f1da2aaa308e1eb1174 av_four_fifth  avia-builder-el-27  el_after_av_one_fifth  el_before_av_hr  flex_column_div  '     ><section  class='av_textblock_section av-lkfakmq1-24e6221fda53f45ee8d55e4197f8d4a6 '   itemscope=\"itemscope\" itemtype=\"https:\/\/schema.org\/CreativeWork\" ><div class='avia_textblock'  itemprop=\"text\" ><h6 class=\"c-headline o-dreifaltigkeit__headline rf-o-headline\" data-qa=\"Headline\">Bauernh\u00f6fe in der Stadt \u2013 der Mega-Trend aus den USA kommt nach Deutschland<\/h6>\n<p>Mit einer neuen Methode k\u00f6nnen Beeren, Kr\u00e4uter und Salate ohne Erde in urbanen Farmen direkt in St\u00e4dten angebaut werden. Essbare Pflanzen lassen sich so sogar direkt in der eigenen Wohnung ziehen. Was in den USA schon ein Mega-Trend ist, h\u00e4lt auch in Deutschland Einzug.<\/p>\n<p><a href=\"http:\/\/www.welt.de\/wirtschaft\/article238317293\/Gaertnern-in-der-Stadt-Jeder-kann-s-ein-Farmer-sein.html\">www.welt.de\/wirtschaft\/article238317293\/Gaertnern-in-der-Stadt-Jeder-kann-s-ein-Farmer-sein.html<\/a><\/p>\n<\/div><\/section><\/div>\n<div  class='hr av-907i2-696704fdd7907d8b2db3a52482dc3069 hr-default  avia-builder-el-29  el_after_av_four_fifth  el_before_av_one_fifth '><span class='hr-inner '><span class=\"hr-inner-style\"><\/span><\/span><\/div>\n<div  class='flex_column av-ju3rm-57ec641eda4ae5d1c1518330c4bd6cd7 av_one_fifth  avia-builder-el-30  el_after_av_hr  el_before_av_four_fifth  first flex_column_div  '     ><style type=\"text\/css\" data-created_by=\"avia_inline_auto\" id=\"style-css-av-lkfhzpj6-b340779cf3457cbed74631998d363bdd\">\n.avia-image-container.av-lkfhzpj6-b340779cf3457cbed74631998d363bdd img.avia_image{\nbox-shadow:none;\n}\n.avia-image-container.av-lkfhzpj6-b340779cf3457cbed74631998d363bdd .av-image-caption-overlay-center{\ncolor:#ffffff;\n}\n<\/style>\n<div  class='avia-image-container av-lkfhzpj6-b340779cf3457cbed74631998d363bdd av-styling- avia-align-center  avia-builder-el-31  avia-builder-el-no-sibling '   itemprop=\"image\" itemscope=\"itemscope\" itemtype=\"https:\/\/schema.org\/ImageObject\" ><div class=\"avia-image-container-inner\"><div class=\"avia-image-overlay-wrap\"><img decoding=\"async\" class='wp-image-285 avia-img-lazy-loading-not-285 avia_image ' src=\"https:\/\/elegant-mirzakhani.88-151-65-91.plesk.page\/wp-content\/uploads\/2023\/07\/Lifeverde_Logo_RGB-300x94.jpg\" alt='' title='Lifeverde_Logo_RGB'  height=\"94\" width=\"300\"  itemprop=\"thumbnailUrl\" srcset=\"https:\/\/elegant-mirzakhani.88-151-65-91.plesk.page\/wp-content\/uploads\/2023\/07\/Lifeverde_Logo_RGB-300x94.jpg 300w, https:\/\/elegant-mirzakhani.88-151-65-91.plesk.page\/wp-content\/uploads\/2023\/07\/Lifeverde_Logo_RGB.jpg 474w\" sizes=\"(max-width: 300px) 100vw, 300px\" \/><\/div><\/div><\/div><\/div>\n<div  class='flex_column av-cw1ga-5da8dd465cbe286a30052ba522204edd av_four_fifth  avia-builder-el-32  el_after_av_one_fifth  avia-builder-el-last  flex_column_div  '     ><section  class='av_textblock_section av-lkfi0uye-0b2d24c86a43201d63f356bbbe15f0a1 '   itemscope=\"itemscope\" itemtype=\"https:\/\/schema.org\/CreativeWork\" ><div class='avia_textblock'  itemprop=\"text\" ><h6>Urbane Revolution: Obst und Gem\u00fcse wachsen k\u00fcnftig in St\u00e4dten<\/h6>\n<p>Die Gem\u00fcse- und Obstversorgung muss nachhaltiger und regionaler werden, zum Beispiel durch Alternativen wie Urban Farming. Mehr dazu im Interview mit Wolfgang Gr\u00fcne, Exner Gr\u00fcne Innovation.<\/p>\n<p><a href=\"http:\/\/www.lifeverde.de\/nachhaltigkeitsmagazin\/gesellschaft\/urbane-revolution-obst-und-gemuese-wachsen-kuenftig-in-staedten\">www.lifeverde.de\/nachhaltigkeitsmagazin\/gesellschaft\/urbane-revolution-obst-und-gemuese-wachsen-kuenftig-in-staedten<\/a><\/p>\n<\/div><\/section><\/div>\n","protected":false},"excerpt":{"rendered":"","protected":false},"author":1,"featured_media":0,"parent":0,"menu_order":0,"comment_status":"closed","ping_status":"closed","template":"","meta":{"footnotes":""},"_links":{"self":[{"href":"https:\/\/elegant-mirzakhani.88-151-65-91.plesk.page\/index.php?rest_route=\/wp\/v2\/pages\/266"}],"collection":[{"href":"https:\/\/elegant-mirzakhani.88-151-65-91.plesk.page\/index.php?rest_route=\/wp\/v2\/pages"}],"about":[{"href":"https:\/\/elegant-mirzakhani.88-151-65-91.plesk.page\/index.php?rest_route=\/wp\/v2\/types\/page"}],"author":[{"embeddable":true,"href":"https:\/\/elegant-mirzakhani.88-151-65-91.plesk.page\/index.php?rest_route=\/wp\/v2\/users\/1"}],"replies":[{"embeddable":true,"href":"https:\/\/elegant-mirzakhani.88-151-65-91.plesk.page\/index.php?rest_route=%2Fwp%2Fv2%2Fcomments&post=266"}],"version-history":[{"count":16,"href":"https:\/\/elegant-mirzakhani.88-151-65-91.plesk.page\/index.php?rest_route=\/wp\/v2\/pages\/266\/revisions"}],"predecessor-version":[{"id":543,"href":"https:\/\/elegant-mirzakhani.88-151-65-91.plesk.page\/index.php?rest_route=\/wp\/v2\/pages\/266\/revisions\/543"}],"wp:attachment":[{"href":"https:\/\/elegant-mirzakhani.88-151-65-91.plesk.page\/index.php?rest_route=%2Fwp%2Fv2%2Fmedia&parent=266"}],"curies":[{"name":"wp","href":"https:\/\/api.w.org\/{rel}","templated":true}]}}